, what is 40176550 + 0?
40176550
In base 16, what is -3 - -8f83ad?
8f83aa
In base 14, what is -12aa5b + -aa?
-12ab27
In base 3, what is -20022012 - 1122210?
-21221222
In base 9, what is 24 + 13282262?
13282286
In base 12, what is -7061924 + -13?
-7061937
In base 10, what is -125 + 1643294?
1643169
In base 7, what is 4 - -2422533213?
2422533220
In base 6, what is 310 + -12232531?
-12232221
In base 6, what is 2 + -10124033004?
-10124033002
In base 16, what is 5 + -59698c?
-596987
In base 13, what is -22 + 865072?
865050
In base 10, what is 34 + -43600?
-43566
In base 5, what is 332200 - 233?
331412
In base 4, what is 321020 - 2102121?
-1121101
In base 5, what is 333 + 12234114?
12240002
In base 5, what is 1 + -322232142333?
-322232142332
In base 13, what is 131a5cb + -2?
131a5c9
In base 13, what is 214b376 - 0?
214b376
In base 14, what is -32 + -10835?
-10867
In base 12, what is -3 - 2377bb?
-237802
In base 4, what is 2130121 - -311021?
3101202
In base 11, what is -142 + -1657542?
-1657684
In base 10, what is 3 + -3239243?
-3239240
In base 8, what is 4347 - -21735?
26304
In base 4, what is 130 - -33312020?
33312210
In base 5, what is -313431012 - 1202?
-313432214
In base 5, what is 11 - -210104034022?
210104034033
In base 14, what is -2 + -177c870?
-177c872
In base 5, what is -1114241 + -1332?
-1121123
In base 2, what is -11100111011 - 1110101110101111111?
-1110110010010111010
In base 15, what is -2d24 - 531?
-3355
In base 12, what is 62 + -50b83?
-50b21
In base 4, what is 1033022 - -22030?
1121112
In base 13, what is -b - 20568b?
-205699
In base 8, what is -57 - 3140302?
-3140361
In base 7, what is 250521025 + 6?
250521034
In base 10, what is 10138 - 6700?
3438
In base 11, what is 241a + 3162?
5581
In base 15, what is -64e6 - 247?
-673d
In base 8, what is -2262 - 32462?
-34744
In base 7, what is 5 + 6152142?
6152150
In base 15, what is -9d0ae6 - 2?
-9d0ae8
In base 11, what is 2a166851 - 0?
2a166851
In base 7, what is 4665 - 31016?
-23021
In base 12, what is b - 541a441?
-541a432
In base 15, what is -70c77 - 20?
-70c97
In base 4, what is 20001023212 + -131?
20001023021
In base 9, what is 2071468 - 313?
2071155
In base 3, what is -101 - 111002111012?
-111002111120
In base 9, what is 11671 - -35381?
47162
In base 2, what is -11011 - 10010000110000010011111010?
-10010000110000010100010101
In base 10, what is -16473066 - 0?
-16473066
In base 8, what is -3 + 1212663?
1212660
In base 16, what is -2d856 + -1c?
-2d872
In base 12, what is 15a1 - -52065?
53646
In base 3, what is 10012221002010202 - 1?
10012221002010201
In base 15, what is -2137 - -de2b?
bce4
In base 11, what is -29457 + -616?
-29a72
In base 2, what is 110111101011111 + 101000110010?
111100110010001
In base 3, what is -1022 - -10102212202200?
10102212201101
In base 6, what is 125240 + -121155?
4041
In base 2, what is -10111110001100011111110 - 101?
-10111110001100100000011
In base 12, what is 2964757 + 26?
2964781
In base 15, what is -444216d + 5?
-4442168
In base 13, what is -3266 - -1470?
-1ac6
In base 5, what is 1 - -131322430433?
131322430434
In base 6, what is 251555050452 - -4?
251555050500
In base 2, what is -1111010 - -11110000100110100?
11110000010111010
In base 12, what is 13547a - 18?
135462
In base 5, what is -24212303 - -411?
-24211342
In base 11, what is a53aa09 - 4?
a53aa05
In base 2, what is -101 - 100101001011000?
-100101001011101
In base 13, what is 87a5 - 95?
8710
In base 16, what is -5 - -af0ad?
af0a8
In base 10, what is 0 + 196188977?
196188977
In base 3, what is -12 - 110111121210102111?
-110111121210102200
In base 11, what is 48427 - -4064?
51490
In base 13, what is -4 + -8b16a6?
-8b16aa
In base 10, what is -64 + -390136?
-390200
In base 5, what is 2 - -1211224332?
1211224334
In base 2, what is 111 + 100001110000001011010001?
100001110000001011011000
In base 3, what is 110011201111 - -2101?
110011210212
In base 15, what is -7c9229 + -7?
-7c9231
In base 8, what is -1420 + 3713?
2273
In base 16, what is -687 + -be?
-745
In base 3, what is -2022202112121 + -10?
-2022202112201
In base 3, what is 21221122 - 1021210?
20122212
In base 2, what is -1101111111000110110001 + 1101?
-1101111111000110100100
In base 12, what is -777448 - -4?
-777444
In base 16, what is -2ee1c - d?
-2ee29
In base 6, what is -1 + 1321404142?
1321404141
In base 6, what is -13 + -4413442?
-4413455
In base 10, what is 10057572 - 2?
10057570
In base 12, what is -5 + 39342?
39339
In base 7, what is -56206 - 1161?
-60400
In base 15, what is 12bee7 + -8b?
12be5b
In base 15, what is a + -2b7aa68?
-2b7aa5d
In base 3, what is 1101 + 1220210002210?
1220210011011
In base 13, what is 1 - -124cba4?
124cba5
In base 6, what is -2113 - -354425?
352312
In base 6, what is 1334 - -44422555?
44424333
In base 9, what is 180684 + -1331?
178353
In base 16, what is -f7266 - -a?
-f725c
In base 2, what is -1010011 - -10110111001100100010?
10110111001011001111
In base 8, what is -43 + -605043?
-605106
In base 15, what is 5 - -736d165?
736d16a
In base 7, what is -23031115 - -14?
-23031101
In base 11, what is 528772 - -213?
528985
In base 13, what is 2 - -4166b8a4?
4166b8a6
In base 16, what is 19a310 - 3?
19a30d
In base 9, what is 83084164 + -5?
83084158
In base 3, what is 11 - 20012202111201200?
-20012202111201112
In base 13, what is -69b467 - 52?
-69b4b9
In base 14, what is 343a1 + -14?
3438b
In base 4, what is -12 + 221103120?
221103102
In base 15, what is -170c1 + -28?
-170e9
In base 14, what is 45418 + 292b?
47d45
In base 5, what is -303114 + 12204?
-240410
In base 15, what is -189 - -43cd3?
43b49
In base 6, what is 1031342003 - -2?
1031342005
In base 3, what is -121111201002 - -120?
-121111200112
In base 2, what is -110101100011100011 + 10010101110?
-110101010000110101
In base 7, what is -465 + 33031?
32233
In base 8, what is -3 + -302336526?
-302336531
In base 14, what is -13 - -b63637?
b63624
In base 14, what is 2 - 2599c564?
-2599c562
In base 12, what is 25227 - 2b0?
24b37
In base 7, what is 26364141 - -1?
26364142
In base 15, what is -3c + 3addaa?
3add6d
In base 10, what is -182874693 - -5?
-182874688
In base 14, what is 5 - -12c881b4?
12c881b9
In base 7, what is -146 - 3545136?
-3545315
In base 8, what is 2537 - -111030?
113567
In base 14, what is 4cd3a94 - 3?
4cd3a91
In base 2, what is -1011001100000010101 + 100010001?
-1011001011100000100
In base 9, what is 100 + 52232?
52332
In base 15, what is -4 - 60b75c?
-60b761
In base 15, what is 45099c + 9?
4509a6
In base 15, what is -139bd10 + 0?
-139bd10
In base 9, what is -138 + 31347?
31208
In base 12, what is 1820853 + 42?
1820895
In base 11, what is 308929 + -51?
308888
In base 16, what is -16ae9b + 11?
-16ae8a
In base 6, what is -1 + -455435534?
-455435535
In base 12, what is -3a + -1106b60?
-1106b9a
In base 3, what is 12 + 2221120222211122?
2221120222211211
In base 7, what is -3522 - -451515?
444663
In base 12, what is 18486 - 187?
182bb
In base 10, what is 59454788 + -5?
59454783
In base 14, what is -47ab3bc + 3?
-47ab3b9
In base 11, what is -3839003 - 16?
-3839019
In base 16, what is -1fe412b - -1?
-1fe412a
In base 7, what is -35624215120 + 0?
-35624215120
In base 9, what is 40 - -350465?
350515
In base 5, what is 10 - 23210411031?
-23210411021
In base 16, what is -5215a5 + b?
-52159a
In base 4, what is -1123100131002133 + 10?
-1123100131002123
In base 13, what is a040 + 821?
a861
In base 7, what is -60 + 215044443?
215044353
In base 3, what is 21112100 + -1000210?
20111120
In base 10, what is -275834 + 3638?
-272196
In base 8, what is -2407274245 + 1?
-2407274244
In base 6, what is 0 - 15041110522?
-15041110522
In base 3, what is 1001222 - -1000002200?
1001011122
In base 9, what is 3360 + -622?
2637
In base 15, what is 2136 + -942?
16e4
In base 6, what is -5332332 - 12?
-5332344
In base 13, what is 1 - -16b64a4?
16b64a5
In base 6, what is -3225253415 + -22?
-3225253441
In base 9, what is -15671 - -45376?
28605
In base 3, what is 1001 + -2202111112011?
-2202111111010
In base 7, what is 4255204531 - -4?
4255204535
In base 10, what is -4404660 - 4?
-4404664
In base 3, what is 20120220111211221 + -12?
20120220111211202
In base 5, what is 13003440343 - 1?
13003440342
In base 6, what is -4552511 - -2210?
-4550301
In base 13, what is 819 + 27cc?
3318
In base 13, what 